{"id":612,"date":"2020-10-21T08:24:02","date_gmt":"2020-10-21T06:24:02","guid":{"rendered":"http:\/\/juno-stuttgart.de\/?page_id=612"},"modified":"2024-08-20T11:41:05","modified_gmt":"2024-08-20T09:41:05","slug":"haller-meurer","status":"publish","type":"page","link":"https:\/\/pfaff-handel.de\/?page_id=612","title":{"rendered":"Haller-Meurer"},"content":{"rendered":"<div class=\"wp-block-image\">\n<figure class=\"aligncenter size-large\"><img loading=\"lazy\" decoding=\"async\" width=\"340\" height=\"153\" src=\"https:\/\/pfaff-handel.de\/wp-content\/uploads\/2020\/10\/Emblem_Haller_Meurer_Gasheizung_Pfaff_Backnang.jpg\" alt=\"\" class=\"wp-image-631\" srcset=\"https:\/\/pfaff-handel.de\/wp-content\/uploads\/2020\/10\/Emblem_Haller_Meurer_Gasheizung_Pfaff_Backnang.jpg 340w, https:\/\/pfaff-handel.de\/wp-content\/uploads\/2020\/10\/Emblem_Haller_Meurer_Gasheizung_Pfaff_Backnang-300x135.jpg 300w\" sizes=\"auto, (max-width: 340px) 100vw, 340px\" \/><figcaption class=\"wp-element-caption\"><br><\/figcaption><\/figure>\n<\/div>\n\n\n<p class=\"has-text-align-center has-black-color has-luminous-vivid-amber-background-color has-text-color has-background\">Wir f\u00fchren weiterhin <strong>Ersatzteil<\/strong>e f\u00fcr diverser <strong>HALLER-MEURER&nbsp;Gasraumheizer<\/strong><\/p>\n\n\n\n<p class=\"has-pale-cyan-blue-background-color has-background\">Wir bieten Ihnen auch den&nbsp;<strong>vor Ort Kundendienst<\/strong>&nbsp;im Gro\u00dfraum&nbsp;<strong>STUTTGART&nbsp;<\/strong>an. (Max. 50 Km um den Hauptsitz Backnang)<\/p>\n\n\n\n<div data-wp-interactive=\"core\/file\" class=\"wp-block-file aligncenter\"><object data-wp-bind--hidden=\"!state.hasPdfPreview\" hidden class=\"wp-block-file__embed\" data=\"https:\/\/pfaff-handel.de\/wp-content\/uploads\/2024\/08\/Ersatzteil-Preis-Liste-HALLER-MEURER-GASRAUMHEIZER-20240901AP.pdf\" type=\"application\/pdf\" style=\"width:100%;height:600px\" aria-label=\"Einbettung von Ersatzteil-Preis-Liste-HALLER-MEURER-GASRAUMHEIZER-20240901AP.\"><\/object><a id=\"wp-block-file--media-0a14996b-1a60-48eb-9da8-a2f678e9f5f0\" href=\"https:\/\/pfaff-handel.de\/wp-content\/uploads\/2024\/08\/Ersatzteil-Preis-Liste-HALLER-MEURER-GASRAUMHEIZER-20240901AP.pdf\">Ersatzteil-Preis-Liste-HALLER-MEURER-GASRAUMHEIZER-20240901AP<\/a><a href=\"https:\/\/pfaff-handel.de\/wp-content\/uploads\/2024\/08\/Ersatzteil-Preis-Liste-HALLER-MEURER-GASRAUMHEIZER-20240901AP.pdf\" class=\"wp-block-file__button wp-element-button\" download aria-describedby=\"wp-block-file--media-0a14996b-1a60-48eb-9da8-a2f678e9f5f0\">Herunterladen<\/a><\/div>\n\n\n<div class=\"wp-block-image\">\n<figure class=\"aligncenter size-large\"><img loading=\"lazy\" decoding=\"async\" width=\"915\" height=\"1024\" src=\"https:\/\/pfaff-handel.de\/wp-content\/uploads\/2020\/10\/Haller_Meurer_Gasraumheizer_R1980_k7_Schornstein-915x1024.jpg\" alt=\"\" class=\"wp-image-633\" srcset=\"https:\/\/pfaff-handel.de\/wp-content\/uploads\/2020\/10\/Haller_Meurer_Gasraumheizer_R1980_k7_Schornstein-915x1024.jpg 915w, https:\/\/pfaff-handel.de\/wp-content\/uploads\/2020\/10\/Haller_Meurer_Gasraumheizer_R1980_k7_Schornstein-268x300.jpg 268w, https:\/\/pfaff-handel.de\/wp-content\/uploads\/2020\/10\/Haller_Meurer_Gasraumheizer_R1980_k7_Schornstein-768x860.jpg 768w, https:\/\/pfaff-handel.de\/wp-content\/uploads\/2020\/10\/Haller_Meurer_Gasraumheizer_R1980_k7_Schornstein.jpg 1024w\" sizes=\"auto, (max-width: 915px) 100vw, 915px\" \/><\/figure>\n<\/div>\n\n<div class=\"wp-block-image\">\n<figure class=\"aligncenter size-large\"><img loading=\"lazy\" decoding=\"async\" width=\"933\" height=\"1024\" src=\"https:\/\/pfaff-handel.de\/wp-content\/uploads\/2020\/10\/Haller_Meurer_Gasraumheizer_R1462_Aussenwand_Pfaff_Backnang-933x1024.jpg\" alt=\"\" class=\"wp-image-634\" srcset=\"https:\/\/pfaff-handel.de\/wp-content\/uploads\/2020\/10\/Haller_Meurer_Gasraumheizer_R1462_Aussenwand_Pfaff_Backnang-933x1024.jpg 933w, https:\/\/pfaff-handel.de\/wp-content\/uploads\/2020\/10\/Haller_Meurer_Gasraumheizer_R1462_Aussenwand_Pfaff_Backnang-273x300.jpg 273w, https:\/\/pfaff-handel.de\/wp-content\/uploads\/2020\/10\/Haller_Meurer_Gasraumheizer_R1462_Aussenwand_Pfaff_Backnang-768x843.jpg 768w, https:\/\/pfaff-handel.de\/wp-content\/uploads\/2020\/10\/Haller_Meurer_Gasraumheizer_R1462_Aussenwand_Pfaff_Backnang.jpg 1024w\" sizes=\"auto, (max-width: 933px) 100vw, 933px\" \/><\/figure>\n<\/div>\n\n<div class=\"wp-block-image\">\n<figure class=\"aligncenter size-large\"><img loading=\"lazy\" decoding=\"async\" width=\"935\" height=\"1024\" src=\"https:\/\/pfaff-handel.de\/wp-content\/uploads\/2020\/10\/Haller_Meurer_Gasraumheizer_R1852_Aussenwand_Pfaff_Backnang-935x1024.jpg\" alt=\"\" class=\"wp-image-635\" srcset=\"https:\/\/pfaff-handel.de\/wp-content\/uploads\/2020\/10\/Haller_Meurer_Gasraumheizer_R1852_Aussenwand_Pfaff_Backnang-935x1024.jpg 935w, https:\/\/pfaff-handel.de\/wp-content\/uploads\/2020\/10\/Haller_Meurer_Gasraumheizer_R1852_Aussenwand_Pfaff_Backnang-274x300.jpg 274w, https:\/\/pfaff-handel.de\/wp-content\/uploads\/2020\/10\/Haller_Meurer_Gasraumheizer_R1852_Aussenwand_Pfaff_Backnang-768x842.jpg 768w, https:\/\/pfaff-handel.de\/wp-content\/uploads\/2020\/10\/Haller_Meurer_Gasraumheizer_R1852_Aussenwand_Pfaff_Backnang.jpg 1024w\" sizes=\"auto, (max-width: 935px) 100vw, 935px\" \/><\/figure>\n<\/div>\n\n<div class=\"wp-block-image\">\n<figure class=\"aligncenter size-large\"><img loading=\"lazy\" decoding=\"async\" width=\"956\" height=\"1024\" src=\"https:\/\/pfaff-handel.de\/wp-content\/uploads\/2020\/10\/Haller_Meurer_Gasraumheizer_R1452_Aussenwand_Pfaff_Backnang-956x1024.jpg\" alt=\"\" class=\"wp-image-636\" srcset=\"https:\/\/pfaff-handel.de\/wp-content\/uploads\/2020\/10\/Haller_Meurer_Gasraumheizer_R1452_Aussenwand_Pfaff_Backnang-956x1024.jpg 956w, https:\/\/pfaff-handel.de\/wp-content\/uploads\/2020\/10\/Haller_Meurer_Gasraumheizer_R1452_Aussenwand_Pfaff_Backnang-280x300.jpg 280w, https:\/\/pfaff-handel.de\/wp-content\/uploads\/2020\/10\/Haller_Meurer_Gasraumheizer_R1452_Aussenwand_Pfaff_Backnang-768x823.jpg 768w, https:\/\/pfaff-handel.de\/wp-content\/uploads\/2020\/10\/Haller_Meurer_Gasraumheizer_R1452_Aussenwand_Pfaff_Backnang.jpg 1024w\" sizes=\"auto, (max-width: 956px) 100vw, 956px\" \/><\/figure>\n<\/div>\n\n<div class=\"wp-block-image\">\n<figure class=\"aligncenter size-large is-resized\"><img loading=\"lazy\" decoding=\"async\" src=\"https:\/\/pfaff-handel.de\/wp-content\/uploads\/2020\/10\/Haller_Meurer_KD-BUS_Pfaff_Backnang.jpg\" alt=\"\" class=\"wp-image-637\" width=\"300\" height=\"225\"\/><figcaption class=\"wp-element-caption\"> Aus den Jahren 1970 -1980<\/figcaption><\/figure>\n<\/div>\n\n<div class=\"wp-block-image\">\n<figure class=\"aligncenter size-large\"><img loading=\"lazy\" decoding=\"async\" width=\"340\" height=\"153\" src=\"https:\/\/pfaff-handel.de\/wp-content\/uploads\/2020\/10\/Emblem_Haller_Meurer_Gasheizung_Pfaff_Backnang-1.jpg\" alt=\"\" class=\"wp-image-639\" srcset=\"https:\/\/pfaff-handel.de\/wp-content\/uploads\/2020\/10\/Emblem_Haller_Meurer_Gasheizung_Pfaff_Backnang-1.jpg 340w, https:\/\/pfaff-handel.de\/wp-content\/uploads\/2020\/10\/Emblem_Haller_Meurer_Gasheizung_Pfaff_Backnang-1-300x135.jpg 300w\" sizes=\"auto, (max-width: 340px) 100vw, 340px\" \/><\/figure>\n<\/div>","protected":false},"excerpt":{"rendered":"<p>Wir f\u00fchren weiterhin Ersatzteile f\u00fcr diverser HALLER-MEURER&nbsp;Gasraumheizer Wir bieten Ihnen auch den&nbsp;vor Ort Kundendienst&nbsp;im Gro\u00dfraum&nbsp;STUTTGART&nbsp;an. (Max. 50 Km um den Hauptsitz Backnang)<\/p>\n","protected":false},"author":2,"featured_media":0,"parent":16,"menu_order":0,"comment_status":"closed","ping_status":"closed","template":"","meta":{"footnotes":""},"class_list":["post-612","page","type-page","status-publish","hentry"],"_links":{"self":[{"href":"https:\/\/pfaff-handel.de\/index.php?rest_route=\/wp\/v2\/pages\/612","targetHints":{"allow":["GET"]}}],"collection":[{"href":"https:\/\/pfaff-handel.de\/index.php?rest_route=\/wp\/v2\/pages"}],"about":[{"href":"https:\/\/pfaff-handel.de\/index.php?rest_route=\/wp\/v2\/types\/page"}],"author":[{"embeddable":true,"href":"https:\/\/pfaff-handel.de\/index.php?rest_route=\/wp\/v2\/users\/2"}],"replies":[{"embeddable":true,"href":"https:\/\/pfaff-handel.de\/index.php?rest_route=%2Fwp%2Fv2%2Fcomments&post=612"}],"version-history":[{"count":12,"href":"https:\/\/pfaff-handel.de\/index.php?rest_route=\/wp\/v2\/pages\/612\/revisions"}],"predecessor-version":[{"id":1420,"href":"https:\/\/pfaff-handel.de\/index.php?rest_route=\/wp\/v2\/pages\/612\/revisions\/1420"}],"up":[{"embeddable":true,"href":"https:\/\/pfaff-handel.de\/index.php?rest_route=\/wp\/v2\/pages\/16"}],"wp:attachment":[{"href":"https:\/\/pfaff-handel.de\/index.php?rest_route=%2Fwp%2Fv2%2Fmedia&parent=612"}],"curies":[{"name":"wp","href":"https:\/\/api.w.org\/{rel}","templated":true}]}}