{"id":736,"date":"2020-11-09T09:01:13","date_gmt":"2020-11-09T07:01:13","guid":{"rendered":"http:\/\/juno-stuttgart.de\/?page_id=736"},"modified":"2021-09-08T13:19:00","modified_gmt":"2021-09-08T11:19:00","slug":"juno","status":"publish","type":"page","link":"https:\/\/pfaff-handel.de\/?page_id=736","title":{"rendered":"Juno"},"content":{"rendered":"\n<div class=\"wp-block-image\"><figure class=\"aligncenter size-large is-resized\"><img loading=\"lazy\" decoding=\"async\" src=\"https:\/\/pfaff-handel.de\/wp-content\/uploads\/2020\/11\/Juno0_Pfaff_Backnang.jpg\" alt=\"\" class=\"wp-image-755\" width=\"188\" height=\"82\"\/><\/figure><\/div>\n\n\n\n<p class=\"has-text-align-center has-luminous-vivid-amber-background-color has-background\"><strong>Wir f\u00fchren noch teilweise Ersatzteile f\u00fcr diverse<\/strong> Juno&nbsp;<strong>Gasraumheizer<\/strong><\/p>\n\n\n\n<p class=\"has-text-align-center has-pale-cyan-blue-background-color has-background\">Wir bieten Ihnen auch den&nbsp;<strong>vor Ort Kundendienst<\/strong> im Gro\u00dfraum <strong>STUTTGART <\/strong>an. (Max. 50 Km um den Hauptsitz Backnang)<\/p>\n\n\n\n<div class=\"wp-block-image\"><figure class=\"aligncenter size-large\"><img loading=\"lazy\" decoding=\"async\" width=\"585\" height=\"831\" src=\"https:\/\/pfaff-handel.de\/wp-content\/uploads\/2020\/11\/Juno1_Pfaff_Backnang.jpg\" alt=\"\" class=\"wp-image-740\" srcset=\"https:\/\/pfaff-handel.de\/wp-content\/uploads\/2020\/11\/Juno1_Pfaff_Backnang.jpg 585w, https:\/\/pfaff-handel.de\/wp-content\/uploads\/2020\/11\/Juno1_Pfaff_Backnang-211x300.jpg 211w\" sizes=\"auto, (max-width: 585px) 100vw, 585px\" \/><\/figure><\/div>\n\n\n\n<div class=\"wp-block-image\"><figure class=\"aligncenter size-large\"><img loading=\"lazy\" decoding=\"async\" width=\"588\" height=\"644\" src=\"https:\/\/pfaff-handel.de\/wp-content\/uploads\/2020\/11\/Juno2_Pfaff_Backnang.jpg\" alt=\"\" class=\"wp-image-742\" srcset=\"https:\/\/pfaff-handel.de\/wp-content\/uploads\/2020\/11\/Juno2_Pfaff_Backnang.jpg 588w, https:\/\/pfaff-handel.de\/wp-content\/uploads\/2020\/11\/Juno2_Pfaff_Backnang-274x300.jpg 274w\" sizes=\"auto, (max-width: 588px) 100vw, 588px\" \/><\/figure><\/div>\n\n\n\n<div class=\"wp-block-image\"><figure class=\"aligncenter size-large is-resized\"><img loading=\"lazy\" decoding=\"async\" src=\"https:\/\/pfaff-handel.de\/wp-content\/uploads\/2020\/11\/Juno9_Pfaff_Backnang.jpg\" alt=\"\" class=\"wp-image-744\" width=\"566\" height=\"831\" srcset=\"https:\/\/pfaff-handel.de\/wp-content\/uploads\/2020\/11\/Juno9_Pfaff_Backnang.jpg 566w, https:\/\/pfaff-handel.de\/wp-content\/uploads\/2020\/11\/Juno9_Pfaff_Backnang-204x300.jpg 204w\" sizes=\"auto, (max-width: 566px) 100vw, 566px\" \/><\/figure><\/div>\n\n\n\n<div class=\"wp-block-image\"><figure class=\"aligncenter size-large\"><img loading=\"lazy\" decoding=\"async\" width=\"557\" height=\"829\" src=\"https:\/\/pfaff-handel.de\/wp-content\/uploads\/2020\/11\/Juno8_Pfaff_Backnang.jpg\" alt=\"\" class=\"wp-image-757\" srcset=\"https:\/\/pfaff-handel.de\/wp-content\/uploads\/2020\/11\/Juno8_Pfaff_Backnang.jpg 557w, https:\/\/pfaff-handel.de\/wp-content\/uploads\/2020\/11\/Juno8_Pfaff_Backnang-202x300.jpg 202w\" sizes=\"auto, (max-width: 557px) 100vw, 557px\" \/><\/figure><\/div>\n\n\n\n<div class=\"wp-block-image\"><figure class=\"aligncenter size-large\"><img loading=\"lazy\" decoding=\"async\" width=\"544\" height=\"703\" src=\"https:\/\/pfaff-handel.de\/wp-content\/uploads\/2020\/11\/Juno9_Pfaff10_Backnang.jpg\" alt=\"\" class=\"wp-image-746\" srcset=\"https:\/\/pfaff-handel.de\/wp-content\/uploads\/2020\/11\/Juno9_Pfaff10_Backnang.jpg 544w, https:\/\/pfaff-handel.de\/wp-content\/uploads\/2020\/11\/Juno9_Pfaff10_Backnang-232x300.jpg 232w\" sizes=\"auto, (max-width: 544px) 100vw, 544px\" \/><\/figure><\/div>\n\n\n\n<div class=\"wp-block-image\"><figure class=\"aligncenter size-large\"><img loading=\"lazy\" decoding=\"async\" width=\"566\" height=\"830\" src=\"https:\/\/pfaff-handel.de\/wp-content\/uploads\/2020\/11\/Juno11_Pfaff_Backnang.jpg\" alt=\"\" class=\"wp-image-748\" srcset=\"https:\/\/pfaff-handel.de\/wp-content\/uploads\/2020\/11\/Juno11_Pfaff_Backnang.jpg 566w, https:\/\/pfaff-handel.de\/wp-content\/uploads\/2020\/11\/Juno11_Pfaff_Backnang-205x300.jpg 205w\" sizes=\"auto, (max-width: 566px) 100vw, 566px\" \/><\/figure><\/div>\n\n\n\n<p><\/p>\n","protected":false},"excerpt":{"rendered":"<p>Wir f\u00fchren noch teilweise Ersatzteile f\u00fcr diverse Juno&nbsp;Gasraumheizer Wir bieten Ihnen auch den&nbsp;vor Ort Kundendienst im Gro\u00dfraum STUTTGART an. (Max. 50 Km um den Hauptsitz Backnang)<\/p>\n","protected":false},"author":2,"featured_media":0,"parent":0,"menu_order":0,"comment_status":"closed","ping_status":"closed","template":"","meta":{"footnotes":""},"class_list":["post-736","page","type-page","status-publish","hentry"],"_links":{"self":[{"href":"https:\/\/pfaff-handel.de\/index.php?rest_route=\/wp\/v2\/pages\/736","targetHints":{"allow":["GET"]}}],"collection":[{"href":"https:\/\/pfaff-handel.de\/index.php?rest_route=\/wp\/v2\/pages"}],"about":[{"href":"https:\/\/pfaff-handel.de\/index.php?rest_route=\/wp\/v2\/types\/page"}],"author":[{"embeddable":true,"href":"https:\/\/pfaff-handel.de\/index.php?rest_route=\/wp\/v2\/users\/2"}],"replies":[{"embeddable":true,"href":"https:\/\/pfaff-handel.de\/index.php?rest_route=%2Fwp%2Fv2%2Fcomments&post=736"}],"version-history":[{"count":14,"href":"https:\/\/pfaff-handel.de\/index.php?rest_route=\/wp\/v2\/pages\/736\/revisions"}],"predecessor-version":[{"id":1198,"href":"https:\/\/pfaff-handel.de\/index.php?rest_route=\/wp\/v2\/pages\/736\/revisions\/1198"}],"wp:attachment":[{"href":"https:\/\/pfaff-handel.de\/index.php?rest_route=%2Fwp%2Fv2%2Fmedia&parent=736"}],"curies":[{"name":"wp","href":"https:\/\/api.w.org\/{rel}","templated":true}]}}